In base 9, what is 127 - 12563?
-12435
In base 5, what is -4212342 + 1?
-4212341
In base 14, what is -d288 + 5?
-d283
In base 4, what is -1 - -233021?
233020
In base 13, what is 9343 - 13?
9330
In base 6, what is 210 + 10113?
10323
In base 15, what is 2c + 56b8?
56e5
In base 12, what is -885a3 - 2?
-885a5
In base 14, what is 18a + 3a?
1c6
In base 5, what is 3 - 143034122?
-143034114
In base 10, what is 297 - 92?
205
In base 4, what is -23 - -12220031?
12220002
In base 4, what is 10 + 1002021?
1002031
In base 4, what is 30 + 1311131?
1311221
In base 3, what is 20120001 + 111?
20120112
In base 9, what is -108844 - -17?
-108826
In base 7, what is -26452 - 155?
-26640
In base 16, what is -5 + 1096b?
10966
In base 8, what is -474567 - -6?
-474561
In base 11, what is 108 + -1?
107
In base 3, what is 2 - 1110121210?
-1110121201
In base 3, what is -11101222220 - 12?
-11102000002
In base 11, what is 86 - -1970?
1a46
In base 11, what is 51 - 94?
-43
In base 5, what is 40114024 - -4?
40114033
In base 10, what is 1 + -805703?
-805702
In base 16, what is -20a0e + -5?
-20a13
In base 4, what is 331213 - -1130?
333003
In base 5, what is -10243 - 1?
-10244
In base 11, what is 3 - 12891a?
-128917
In base 5, what is -224404 + 13?
-224341
In base 12, what is -5 - 26928?
-26931
In base 12, what is 4 + -3b51?
-3b49
In base 16, what is -a3 + 44a?
3a7
In base 12, what is -93 - -1142a?
11357
In base 3, what is 112112120 + -10?
112112110
In base 15, what is -2 + 59db8?
59db6
In base 3, what is 1121112100 - 202?
1121111121
In base 14, what is 1 + -5ba3?
-5ba2
In base 4, what is 11200 + 1112201?
1130001
In base 8, what is -270671 - 4?
-270675
In base 16, what is -bd1c + 2?
-bd1a
In base 5, what is 3 + -1332140?
-1332132
In base 2, what is 1000101111100000000 + 101?
1000101111100000101
In base 10, what is -218 - 868?
-1086
In base 2, what is -111 - -10111001000011110?
10111001000010111
In base 14, what is -4d85 - 3a?
-4dc1
In base 3, what is 110 + 221211?
222021
In base 5, what is 11 - 214243?
-214232
In base 4, what is 13 + -103111?
-103032
In base 15, what is -3e7 + 1046?
b4e
In base 8, what is -24753 + 637?
-24114
In base 3, what is 1102 - 1012011121?
-1012010012
In base 6, what is -11333 + 2055?
-5234
In base 7, what is 351 - 10521?
-10140
In base 16, what is 213 + 3b1?
5c4
In base 11, what is -2918 + 5?
-2913
In base 14, what is 4 + -dc5b?
-dc57
In base 3, what is -1200 - 11102000002?
-11102001202
In base 4, what is 1221 + 1311?
3132
In base 12, what is -82a + 450?
-39a
In base 10, what is 224 - -335?
559
In base 8, what is -113 + -122531?
-122644
In base 5, what is -13440311 - -111?
-13440200
In base 9, what is -651 + -188?
-850
In base 16, what is 3 - -5d9c?
5d9f
In base 10, what is 1396 + 414?
1810
In base 15, what is ada59 + 0?
ada59
In base 13, what is -a247 + 1?
-a246
In base 16, what is 6f + 3b6?
425
In base 6, what is 1430 - -340?
2210
In base 15, what is 1 + -3c4c1?
-3c4c0
In base 5, what is -1113 - 10310?
-11423
In base 9, what is -15515276 - 4?
-15515281
In base 11, what is 2 + 8516?
8518
In base 11, what is 81 - -228?
2a9
In base 3, what is -10 + -120021210210?
-120021210220
In base 8, what is 132 - -3?
135
In base 11, what is -267 + -507?
-773
In base 13, what is 322 - -19?
33b
In base 10, what is -22930 - 3?
-22933
In base 6, what is 40555023 - -1?
40555024
In base 14, what is -6d8385 - 3?
-6d8388
In base 3, what is 10200100 - 111201?
10011122
In base 7, what is -5 - 216121?
-216126
In base 15, what is 12dd + 11?
12ee
In base 15, what is 1 + -10915?
-10914
In base 15, what is 3515 - -18?
352d
In base 6, what is 120504 - -4?
120512
In base 16, what is 6 - dcb?
-dc5
In base 9, what is -55214 - -6?
-55207
In base 3, what is 111122122 - 102?
111122020
In base 5, what is -1 + -2421131?
-2421132
In base 13, what is 12b + 6b50?
6c7b
In base 15, what is -8 + 14ed4?
14ecb
In base 6, what is 24 - 2453311?
-2453243
In base 15, what is -925 + 12?
-913
In base 2, what is 0 + 1011111001001011101?
1011111001001011101
In base 16, what is 368 + 21?
389
In base 16, what is -4dcf + 1?
-4dce
In base 4, what is 2122213 + 10?
2122223
In base 11, what is -383749 - 0?
-383749
In base 4, what is 3 - -10021031?
10021100
In base 16, what is -21491 + 0?
-21491
In base 11, what is 4 - 95053?
-9504a
In base 7, what is 33522610 - 1?
33522606
In base 13, what is -758 + -14a?
-8a5
In base 7, what is -11141 + -135?
-11306
In base 9, what is 33 - 18405?
-18362
In base 6, what is 24042435 + 0?
24042435
In base 8, what is -3 - 27144?
-27147
In base 3, what is -2101220 + -12020?
-2121010
In base 7, what is -1524 + -146?
-2003
In base 15, what is -644 + 90d?
2b9
In base 13, what is -80 - -12aa?
122a
In base 14, what is 114 - -3890?
39a4
In base 10, what is -3138 - 2?
-3140
In base 14, what is -5 - -2a2a0?
2a299
In base 7, what is -3 - -324644?
324641
In base 11, what is 9651 - 3?
9649
In base 8, what is -360607 + 2?
-360605
In base 3, what is 10102020 + -101?
10101212
In base 3, what is -2002122 - -2?
-2002120
In base 10, what is -26414 - -5?
-26409
In base 2, what is -11100111100 + -1100010?
-11110011110
In base 11, what is 42365 + -2?
42363
In base 9, what is 22061 + -136?
21824
In base 15, what is d0a - 16?
ce4
In base 10, what is -110 - 296?
-406
In base 3, what is -2220 - 1222001?
-2001221
In base 5, what is 0 - 12143111?
-12143111
In base 7, what is -4 + 15102142?
15102135
In base 16, what is 2 + 2f973?
2f975
In base 2, what is 1101010 - -111001?
10100011
In base 14, what is 1 + 448b8?
448b9
In base 10, what is -5 + -356208?
-356213
In base 4, what is -1202132300 - 11?
-1202132311
In base 2, what is -100 - -1101111010100?
1101111010000
In base 15, what is -4 - 19437?
-1943b
In base 5, what is 34002131 + 2?
34002133
In base 4, what is -112120011 - -1?
-112120010
In base 11, what is 219 - -5910?
6029
In base 7, what is 4563 - -5?
4601
In base 16, what is 3 - 444c?
-4449
In base 16, what is 6 - -31a9?
31af
In base 3, what is 1121220221202 + 0?
1121220221202
In base 16, what is -5 + 1ecb?
1ec6
In base 12, what is 6a + -247b?
-2411
In base 5, what is -1022420 + 134?
-1022231
In base 13, what is 8 - -29cc?
2a07
In base 14, what is 5 + -7a670?
-7a669
In base 13, what is -31 - -89c?
86b
In base 3, what is 110 - -1102101?
1102211
In base 3, what is 11000021 + 200?
11000221
In base 15, what is c820 - 28?
c7e7
In base 10, what is -169 - -640?
471
In base 15, what is -7 - c8e3?
-c8ea
In base 10, what is -205 - 47?
-252
In base 9, what is -7758 + 18?
-7740
In base 8, what is -4524545 + -1?
-4524546
In base 9, what is 63 - -40711?
40774
In base 8, what is 10 - -1525?
1535
In base 10, what is 23 + 1516?
1539
In base 10, what is 2082 - -27?
2109
In base 14, what is 80 + -1283?
-1203
In base 4, what is 10 + 22300031?
22300101
In base 15, what is 4d - -2c3e?
2c8c
In base 15, what is -45 - -1c50?
1c0a
In base 15, what is -3 + ee57b?
ee578
In base 16, what is 2 - -40882?
40884
In base 12, what is 259 + -19?
240
In base 5, what is 1210 + 320?
2030
In base 2, what is 1000000110111 - -101000?
1000001011111
In base 9, what is 5 + -782438?
-782433
In base 12, what is -4a5 - 46a?
-953
In base 13, what is -463b + 1bc?
-444c
In base 11, what is -4 + -4a06?
-4a0a
In base 3, what is 2201102 + -1002?
2200100
In base 5, what is -243 - 404143?
-404441
In base 10, what is -2 + 5029?
5027
In base 10, what is -3 - -1147647?
1147644
In base 6, what is 12210 - -512?
13122
In base 9, what is 3252 + -705?
2446
In base 10, what is -157423 - 0?
-157423
In base 15, what is 19 + 3d400?
3d419
In base 8, what is -641603 - 11?
-641614
In base 10, what is -5024387 + 2?
-5024385
In base 14, what is -d5 + 39?
-9a
In base 3, what is -11 - 2012002100?
-2012002111
In base 7, what is -4445 - 152?
-4630
In base 2, what is -100 + 1010101100001?
1010101011101
In base 7, what is -223121 - -5?
-223113
In base 2, what is 11110011100100110010 + -100?
11110011100100101110
In base 14, what is 269bd9 + 0?
269bd9
In base 7, what is -2636 - -101?
-2535
In base 12, what is -1187 - 5?
-1190
In base 16, what is -934 - 20?
-954
In base 6, what is 141555 + -3?
141552
In base 3, what is -20120112211 - -2?
-20120112202
In base 3, what is -2020110 + -100?
-2020210
In base 8, what is 1317212 - -4?
1317216
In base 5, what is 1104 + 2224032?
2230141
In bas